+ 89*z + 8. Let q be k(-45). Calculate the greatest common divisor of q and 53.
53
Let t(o) = 3*o**2 - 22*o - 333. Let b be t(-15). What is the greatest common factor of 546 and b?
42
Let o = 331 - 326. Suppose -g = -26*d + 21*d - 53, -o*g - 5*d = -115. Let t be (1 + 3)*21/6. What is the highest common divisor of t and g?
14
Suppose -75*t + 8*t + 77280 = 3*t. Calculate the highest common factor of 1242 and t.
138
Suppose 9*z - 6*z + 754 = 4*n, 0 = 5*n - 5*z - 945. Let v = 257 + n. Calculate the greatest common divisor of v and 12.
12
Suppose o - 5 = 0, -m + o - 223 = -252. Calculate the greatest common divisor of m and 7242.
34
Suppose -3*v + 2813 = -5*d, v - 679 = -2*d + 255. What is the greatest common divisor of 99 and v?
9
Let d = 5462 + -5150. What is the greatest common factor of 96 and d?
24
Let q(h) = 42*h + 598. Let c be q(-13). Calculate the highest common factor of c and 1157.
13
Suppose -102*x - 5*x = -11984. What is the greatest common divisor of 64 and x?
16
Suppose -3*q = -g - 80, 0 = 79*q - 80*q + 2*g + 25. Calculate the greatest common divisor of q and 459.
27
Let t be (1188/(-30))/(6/(-285)). What is the highest common factor of 1026 and t?
171
Let k(h) = 20*h**3 - 2*h**2 + 14*h - 13. Let x be k(1). What is the greatest common factor of x and 304?
19
Let i = 7579 - 7569. Calculate the highest common divisor of 1810 and i.
10
Let z(p) = -7*p**2 + 28*p + 70. Let l(m) = 13*m**2 - 55*m - 140. Let a(o) = 6*l(o) + 11*z(o). Let r be a(28). What is the highest common factor of r and 7?
7
Let r be 0 - (8 - 10)*(-3)/6. Let d be (-3)/(-3)*r - (-159 - -33). What is the highest common factor of 50 and d?
25
Let x be -1 + -15*(-1 + 0). Suppose 392*s - 112*s = 560. Calculate the highest common factor of s and x.
2
Suppose -61*z + 14850 = -50*z. What is the greatest common factor of 1050 and z?
150
Let b(j) = 2*j**2 + 7*j + 1. Let i be b(-5). Suppose 0 = 3*a - i - 164. Let p = -16 + a. Calculate the greatest common factor of 484 and p.
44
Let v(r) = 181*r + 155. Let p be v(0). Let j be (186/(-15))/((-1)/5). Calculate the highest common factor of j and p.
31
Let x(v) = -v**2 + 25*v - 16. Let p(i) = -3*i + 149. Let c be p(43). Let w be x(c). Calculate the highest common divisor of w and 378.
42
Let u(x) = -x**3 - 33*x**2 + 35*x + 112. Let k be u(-34). Let a be (-9)/(-18)*(0 - -234). Calculate the highest common factor of a and k.
39
Let v be 40/(-180) + (-12)/(-54) - -69. Suppose 4*r - 27 = -3. Let h be ((-207)/(-6))/(r/8). Calculate the highest common factor of h and v.
23
Let u(x) = 7*x**3 + 3*x - 2. Let c be u(3). Let f = 1699 - 1559. Calculate the greatest common divisor of c and f.
28
Suppose -57511 + 183155 = 311*u. Calculate the highest common divisor of u and 3434.
202
Let q(u) = 806*u**3 + 9*u**2 - 34*u + 9. Let a be q(3). Calculate the highest common divisor of a and 60.
30
Suppose 0 = 14*t - 10*t + 184. Let f = t + 76. Suppose -14*q = -17*q + f. What is the greatest common divisor of q and 25?
5
Let j be (-552)/(-14) + (-12)/(-21). Let f = j - 13. Let m = f + -24. Calculate the greatest common factor of m and 1.
1
Suppose -24*g = -16*g - 504. Let w be (-1)/(-2 - 15/(-10))*18. What is the greatest common divisor of g and w?
9
Suppose 0 = s - 1 + 3. Suppose 2*i = 2*a + 32, -4*a + 8*i - 3*i = 68. Let d be ((-222)/a)/(s/(-4)). What is the highest common divisor of d and 185?
37
Let p = 54 - 38. Let g = -4 + 34. Let d = g - 26. What is the greatest common factor of p and d?
4
Let c(s) = s**2 - 17*s - 17. Suppose -19 = 2*r - 3*r. Let g be c(r). Suppose -f = -10 - g. Calculate the greatest common factor of f and 248.
31
Let l(h) = -12*h**3 - 23*h**2 - 73*h - 12. Let b be l(-4). What is the highest common divisor of 952 and b?
136
Let v(w) = -38*w + 316. Let g be v(8). Let u(r) = r**2 - 4*r - 9. Let k be u(-11). What is the highest common factor of g and k?
12
Suppose -9*c - 16327 + 26121 = -49174. What is the greatest common factor of 189 and c?
63
Suppose -5*m - 25 = -25. Let b(x) = -x**2 - 2*x + 99. Let q be b(m). What is the highest common factor of q and 22?
11
Suppose 74*v + 81*v = 158*v - 36. What is the highest common divisor of 2060 and v?
4
Let u(s) = 2*s**2 + 9*s - 9. Let c be u(-7). Let w(i) = -27*i - 24 + 17*i - i**2 + c. Let b be w(-10). Calculate the greatest common factor of b and 4.
2
Suppose 0 = -14*i + 28*i + 42. Let l = i + 19. What is the highest common factor of 4 and l?
4
Let n = -2546 + 3768. What is the highest common factor of n and 26?
26
Let q(s) = 683*s**3 - s**2 + 41*s - 83. Let t be q(2). Calculate the highest common divisor of t and 206.
103
Suppose -27*k + 132441 = -60252 + 31287. What is the greatest common divisor of 122 and k?
122
Let m = -5168 - -5864. What is the greatest common factor of 1102 and m?
58
Let f = 17909 - 16856. Suppose o - 2 = 79. What is the greatest common divisor of f and o?
81
Suppose -7*a + 70 - 49 = 0. Let i be 1 + -6 - (a - (14 - 2)). Suppose -5*b + 32 + 18 = 0. What is the greatest common factor of b and i?
2
Let a(g) = 16*g**2 - 158*g + 1232. Let o be a(8). Calculate the greatest common factor of 7688 and o.
248
Let a(b) = b**2 - 46*b + 876. Let t be a(77). Calculate the highest common factor of t and 52.
13
Let c(i) = 3*i**3 + i + 4. Let u be c(2). Suppose -u*l - 110 = -35*l. Calculate the highest common divisor of 176 and l.
22
Suppose 333*m = 166*m + 163*m + 96. What is the highest common factor of 2136 and m?
24
Let j = -45 - -75. Suppose 111 = v + 3*v + b, 2*v = 4*b + 60. Suppose v = 2*n + x - 3*x, 3*x + 18 = n. What is the highest common divisor of j and n?
6
Let n be (5/10)/((-8)/192). Let t be n/4 - 5/(-1). Let v(h) = -h + 8. Let d be v(0). What is the highest common factor of d and t?
2
Let n = 2440 + -976. What is the greatest common factor of 8 and n?
8
Let h = 24 - 12. Suppose 4*g = -3*g - 231. Let z = -27 - g. What is the greatest common divisor of z and h?
6
Let j = 9588 + -9324. Suppose y - 25 = -1. Calculate the greatest common factor of y and j.
24
Let v(a) = a**3 - 5*a**2 + 2*a - 13. Suppose -7*h = -4*h - 18. Let z be v(h). Suppose 16*j - 192 = 32. What is the greatest common divisor of j and z?
7
Let j be -13 + 368/28 - 82/(-14). Let f = 292 + -190. What is the highest common factor of j and f?
6
Let x = -40150 + 40152. Suppose -2*f + 4*q + 3 = f, -5*q = 0. Suppose u = -a, 0*u - f = -2*u - a. What is the highest common factor of x and u?
1
Let v be 8/32 + 14/8. Suppose 6*c - 4*c - v = 0. Let i(q) = 7*q**2 - 8*q + 7. Let w be i(c). Calculate the highest common factor of w and 12.
6
Let y(s) = 11*s + 53. Let w be y(-5). Let b be 22 + w + 8 + -4 - 2. What is the highest common divisor of b and 55?
11
Suppose 4*g + 2*v = -450, -14*v = -5*g - 18*v - 567. Let s be 6/(660/g - -6). What is the greatest common factor of s and 148?
37
Let s = -135 - -147. Let j be (1 - (0 + 1))/(-1). Suppose j = o + 5*h - 13, -o + 2*h = 2 - 1. What is the highest common factor of o and s?
3
Suppose -2*t - 5*x = -89, 3*t + 4*x - 9*x = 146. Suppose 5 = -7*u + t. Suppose u*z = 3*z + 504. Calculate the greatest common factor of z and 21.
21
Suppose m = -3*s + 11, 3*m - 4*m + 36 = -2*s. Let f = 26 - m. Let k be 0 - (f - 4) - -3. What is the greatest common divisor of 77 and k?
7
Let h(v) = v**2 + 33*v + 227. Let a be h(-9). What is the highest common divisor of a and 880?
11
Suppose 2*h - 3*c - c = 0, 3*h - c = 10. Let p be (-3)/12 + 1*29/h. Let y be -1 + (4 - p) - -19. What is the highest common factor of y and 6?
3
Suppose 7*l - 13*l + 18*l = 4224. What is the highest common divisor of 1888 and l?
32
Let s(m) = 2*m**2 - 19*m - 25. Let p be s(16). Suppose -4*k + 4*t + 252 = -0*k, 2*k = 3*t + 128. What is the highest common factor of p and k?
61
Let d = 192 - 104. Let n(f) = -5*f + 19. Let p be n(-5). Suppose -2*x + p = 2*x. What is the greatest common factor of x and d?
11
Let w(p) = p**3 - 6*p**2 + 31*p - 334. Let f be w(8). What is the greatest common factor of 19950 and f?
42
Let n be ((-650)/39 + 2/(-6))*(1 - 8). Calculate the highest common divisor of 7 and n.
7
Let n(c) = 6*c**2 + 101*c + 114. Let a be n(-18). Calculate the highest common divisor of 10 and a.
10
Let k be 2/2 - (-7)/(6 + -13). Let u be 1 + k + -16 + 57. Let m be 333/7 + ((-108)/u - -3). What is the highest common f